e l(-1).
-1
Let s(g) be the third derivative of 13*g**6/120 + g**5/30 - g**4/12 + g**3/6 + g**2 + 74. Determine s(1).
14
Let j(r) be the first derivative of -4 - 9*r + 3/2*r**2. What is j(6)?
9
Let u(d) = d**2 + 10*d + 2. Suppose f + 4*z - 5 = -22, 4*f + 3*z = -29. Give u(f).
-23
Let h(b) = -b + 0 - 2785*b**2 + 2775*b**2 + b**3 - 2*b**3 + 12. Give h(-9).
-60
Let c(n) be the second derivative of -n**3/6 + n**2/2 - 38*n. Let i(w) = -3*w + 13. Let g(d) = 5*c(d) - i(d). Calculate g(-6).
4
Let v(x) = -x - 12. Suppose 0 = -14*w + 13*w - 11. Calculate v(w).
-1
Let o(j) = 6*j + 35. Let n(f) = -6*f - 20. Let h(m) = -6*n(m) - 5*o(m). Calculate h(9).
-1
Let m(h) = -h. Let w(c) = -c**3 - 6*c**2 - 3*c - 6. Let l(k) = m(k) - w(k). Calculate l(-6).
-6
Suppose -4*y + 7*m + 45 = 10*m, -3*y = -2*m - 21. Let t(w) = w - 8. Calculate t(y).
1
Let m(f) be the first derivative of -f**2/2 + f + 9. Suppose 0*s - 68 = 4*s. Let y = -14 - s. Calculate m(y).
-2
Let j(p) be the second derivative of 0*p**2 + 0 + 1/20*p**5 + 1/6*p**3 + 2*p + 0*p**4. Let u(z) = -z**3 - 7*z**2 + 12*z + 33. Let h be u(-8). Calculate j(h).
2
Let y(u) = -5*u - 37. Let t be -2 + ((-7)/2 - 18/12). Let m be y(t). Let f(h) = -3*h + 1. Calculate f(m).
7
Suppose -5*f + 5 = -4*f. Suppose 2*l - 3*m = 18, -1 + f = -l - 5*m. Let o(p) = 1. Let r(a) = -a**3 + 5*a**2 + 8*a - 9. Let b(w) = 4*o(w) + r(w). Give b(l).
7
Let z(b) = b**3 - 12*b**2 - 2*b + 12. Suppose -38 = -4*d + 4*s + 30, d - 4*s - 32 = 0. Determine z(d).
-12
Let i(a) = a + 2*a + 7 - 2*a. Let s(m) = m**2 + 8*m + 6. Suppose -5*o = -0*o + 30. Let f be s(o). Calculate i(f).
1
Let d be -10*(15/10 + -2). Suppose 0 = 2*k + 4*y + 10, -10 = d*k - 2*k + y. Let m(z) = -5*z - 4. Calculate m(k).
11
Let s(h) be the second derivative of h**6/720 - 3*h**5/40 + 13*h**4/12 + 10*h. Let t(y) be the third derivative of s(y). Calculate t(9).
0
Let r(c) be the second derivative of -c**4/4 - c**3/3 - c**2 - 145*c. What is r(-2)?
-10
Let w(p) = -p**2 - 8*p - 4. Let t(h) be the second derivative of h**4/12 + 19*h**3/6 + 6*h**2 + 18*h. Let n be t(-18). Give w(n).
8
Let z(o) = -o**3 + 6*o**2 - 10*o + 10. Let w be z(3). Let k(h) = h**2 - 6*h - 2. Give k(w).
5
Let w(m) = -29 + 21*m + 7 + 13 + 7. What is w(1)?
19
Let m(i) = -6*i - 288. Let r be m(-46). Let g(z) = -z**2 - 12*z + 6. What is g(r)?
6
Let u(p) = -1. Let h = 20 + -14. Let i(j) = j**2 + 8*j + 8. Let m(t) = h*u(t) + i(t). Determine m(-6).
-10
Let d(w) = -w**3 + 19*w**2 + 19*w + 7. Let a be d(20). Let v(c) = c**3 + 12*c**2 - 13*c + 2. Give v(a).
2
Let r(o) be the third derivative of o**4/24 + o**3 + 169*o**2. Let z be ((-3)/2)/(12/16). Let n = z - 2. Calculate r(n).
2
Let p(v) = v**3 + 8*v**2 + 8. Let m(y) = -6*y**3 - 41*y**2 + y - 41. Suppose -3*q - 2*u - 43 = 0, 2*u + 17 = -q - 4. Let j(i) = q*p(i) - 2*m(i). Calculate j(6).
-18
Let h(w) be the third derivative of w**5/60 - w**4/24 - 10*w**3/3 - 19*w**2. Let y(r) be the first derivative of h(r). Determine y(5).
9
Suppose 0 = 5*i - 0*b - 5*b - 30, -4*b = i + 14. Let c(y) = -3 + 2 + y**i + 5*y - 8*y - 3*y. Give c(5).
-6
Let d(j) = 24*j**2 + 1 + 1 + 2*j - 23*j**2. Let m be (-1)/(-2) + (-126)/(-28). Let i(q) = q**2 - 8*q + 11. Let g be i(m). What is d(g)?
10
Let a = -1244 + 1258. Let h(f) = 4*f + 14. Calculate h(a).
70
Let l = -17 - -24. Suppose -20 = -3*t + l*t. Let o(h) = -h**3 - 6*h**2 - 6*h + 2. What is o(t)?
7
Let p(t) = 2*t - 2. Suppose d - 2 = 3*i, 3*d - 2 = -4*i + 4. Suppose 3*r + 3*b = 18, -2*b - 3*b + 2 = -d*r. Suppose 0 = -r*n - 8 - 4. Calculate p(n).
-8
Let d(s) be the third derivative of -7/6*s**3 + 10*s**2 + 0 + 1/24*s**4 + 0*s. Give d(3).
-4
Let j(b) = -b + 1. Suppose -173*i + 171*i + 8 = 0. Calculate j(i).
-3
Let o(j) = j - 1. Suppose 5*q + 24 = 4*p, 4*q = -p + 107 - 80. Determine o(p).
10
Let a be 2*(-3 - (-4 + 21)). Let x be (64/a)/(2/5). Let g(s) = 0 + 3*s + 0 + 2. Calculate g(x).
-10
Let t = 439/8 - 419/8. Let l(o) be the first derivative of -t*o**2 - 8 + 0*o + 2/3*o**3. Calculate l(4).
12
Let q(k) be the first derivative of 5*k**3/3 - 2*k**2 - 3*k + 46. Calculate q(-2).
25
Let z(o) = 7*o**2 + 41*o - 2. Let i = -293 + 287. Determine z(i).
4
Let p be (-6)/(-4)*(-8 + 38/3). Let h(s) = -6*s + 10. Let m(o) = 2*o - 3. Let q(z) = 6*h(z) + 17*m(z). What is q(p)?
-5
Let c(t) = -3*t + 22. Let a be c(10). Let d(v) = v**2 + 7*v - 7. Determine d(a).
1
Let p(j) be the first derivative of -2*j**3/3 - 5*j**2/2 + 4*j + 1. Suppose -u = i + 91 + 24, -4*i - 228 = 2*u. Let z = 112 + u. Give p(z).
-8
Let u(r) = 5*r - 4. Suppose -6*d - 76 = -4*c - 3*d, 19 = c - 5*d. Suppose 5*h + 4 = -76. Let g = c + h. Calculate u(g).
11
Let j(v) be the second derivative of -9*v**4/4 + v**3/6 - 64*v + 2. Calculate j(1).
-26
Let r(a) = 22*a - 3. Let q be -2*(5 - 3 - 3). What is r(q)?
41
Let g(j) = j + 2. Let z(s) = -6*s - 7. Let o(c) = -9*g(c) - 2*z(c). Calculate o(8).
20
Let x(p) = p**3 - 5*p**2 - p. Let i(y) = -5*y**3 + 21*y**2 + 3*y. Let d(o) = 2*i(o) + 9*x(o). Suppose -17 = 5*q + 2*u, -2*u - 3 + 1 = 0. Give d(q).
9
Let s(x) = -2*x - 1. Let v be s(-9). Suppose 4*j + 5 = v. Let a(c) = 6*c - j - 5 + 5 + 2. What is a(-1)?
-7
Let v(q) be the second derivative of -q**3/2 - 4*q**2 + 6*q. Let a be v(-4). Suppose 10*x = a*x + 36. Let j(f) = -f**3 + 6*f**2 - f + 6. Determine j(x).
0
Let u(z) = z**2 - 3*z + 2. Let n(w) = 6*w**2 - 25*w + 10. Let t(o) = -n(o) + 5*u(o). Give t(9).
9
Let j(c) = c**3 - 2*c**2 - c - 1. Suppose -h = 4*h + 45. Let r = h - -17. Suppose 0*x + r = 4*x. Determine j(x).
-3
Suppose 4 - 1 = y. Let v(s) = 2*s**2 - 3*s - 4. Let a be v(3). Let z(t) = 9*t - y*t - a*t. Calculate z(7).
7
Let m be -1*1/(-9)*6. Let z(p) be the third derivative of 0*p + m*p**3 + 1/12*p**4 + 9*p**2 + 0. Give z(-3).
-2
Let x(o) = -o**3 + 4*o**2 + 6*o - 1. Suppose r + 5*q = -5, 5*q + 33 = 5*r + q. What is x(r)?
4
Let x(f) = 2*f**2 + 3*f + 3. Let l = 63 + -55. Suppose 5*t + 2 = -l. Calculate x(t).
5
Let o(j) = j**2 + j + 3. Let b(q) = 3*q**2 + 3*q + 7. Let d(m) = 2*b(m) - 5*o(m). Give d(5).
29
Let q(l) = 4*l - 3. Suppose -318*h = -309*h + 54. Give q(h).
-27
Let a(o) = 4*o - 2. Let f(q) = q**2 + 5*q + 10. Let j be (2 - 7) + 2 + -1. Let t be f(j). Suppose -3*m = -b + 5, -4*m + 8 = 3*b - t*m. Calculate a(b).
6
Let w(y) be the first derivative of -y**4/4 - y**3 + 3*y**2/2 - 3*y + 33. Determine w(-4).
1
Let a(p) = 2*p**3 - 12*p**2 - 9*p + 2. Let f be a(8). Let r(h) = 376 - 188 - f - 3*h. Calculate r(-2).
8
Let i(f) = 2*f**3 - 7*f**2 - f + 8. Suppose -109 - 23 = -44*k. Calculate i(k).
-4
Suppose -4*m + 2*m + 16 = 4*n, n = -m + 6. Suppose 5*x + 15 = 5*l, -m*x + 4*l - 4 = -2*x. Let i(u) = 3*u + 6. Calculate i(x).
-6
Let s(p) = -2*p + 11. Let y(v) = 2*v - 10. Let d(q) = -2*s(q) - 3*y(q). Let a = -14 + 21. Let c = -1 + a. Calculate d(c).
-4
Let c(j) = -25*j**3 + j**2 - 4*j - 3. Let g(q) = -25*q**3 + q**2 - 6*q - 4. Let p(x) = -3*c(x) + 2*g(x). Give p(1).
25
Let v(i) = -38*i**2 + 20*i**2 + 5*i**3 + 0 + 1 + 16*i**2. Calculate v(2).
33
Let a(s) = 114*s - 115*s + 8 + 0. Suppose 3 = 4*l - 2*m - 1, 4*l = -4*m - 8. Suppose 4*f = 2*r + 6, -2*r + l*r - 6 = -5*f. Give a(f).
8
Let j(i) = -4*i + 7. Let l(g) = 2. Let k(y) = -j(y) + 2*l(y). Calculate k(-7).
-31
Suppose -4*o + 4 = -5*q - 17, -2*o + 7 = q. Let l be q/3*(-1 - -1). Suppose g = -5*x + 6, 2*x + l*g = 2*g. Let d(s) = s**3 + s**2. Calculate d(x).
2
Let o(p) = p**3 + 5*p**2 + 5*p + 5. Let j be o(-4). Let n be -1 + j + (-7 - -10). Let v(t) = -4*t + 7 - 3 + t + n. Calculate v(5).
-8
Let y(x) = 22 + 5*x**3 + 7*x**2 - 12 - 4*x**3 - 9 - x. Give y(-7).
8
Let r = 4 - -1. Suppose 0*x - 2 = -2*x - 2*f, r*f + 27 = 3*x. Suppose 5*w + 2*p + 23 = 0, 6*w - 4*w + 6 = -x*p. Let d(i) = -i**3 - 5*i**2 - 2. Determine d(w).
-2
Let x = 23 - 20. Let m(g) = -8*g - x*g**2 - g**2 - 3*g**2 + 8*g**2 - 10. What is m(9)?
-1
Let i(t) be the second derivative of -7*t**5/20 - t**4/4 + t**3/6 + t**2/2 - 40*t. Calculate i(1).
-8
Let d(r) = r - 4*r + 3 + 7*r - 6*r. Determine d(0).
3
Suppose -292*f = -298*f. Let p(t) = -t**3 - t**2 - t - 36. Determine p(f).
-36
Let y(b) = 7*b + 263. Let o be y(-36). Let q(m) = -5*m + 56. Determine q(o).
1
Let w = -78 + 84. Let d(a) = a - 7. What is d(w)?
-1
Let z = 0 - 1. Let s(f) be the second derivative of 0 - 10*f + 1/6*f**3 - 5/12*f**4 + 1/2*f**2. Determine s(z).
-5
S